571
List the prime factors of 15139.
15139
List the prime factors of 1717.
17, 101
List the prime factors of 3637.
3637
What are the prime factors of 21845?
5, 17, 257
List the prime factors of 16265.
5, 3253
List the prime factors of 23087.
23087
List the prime factors of 15653.
11, 1423
What are the prime factors of 29463?
3, 7, 23, 61
List the prime factors of 2279.
43, 53
What are the prime factors of 1769?
29, 61
What are the prime factors of 39027?
3, 13009
List the prime factors of 927.
3, 103
What are the prime factors of 489?
3, 163
List the prime factors of 606.
2, 3, 101
What are the prime factors of 2327?
13, 179
What are the prime factors of 3310?
2, 5, 331
List the prime factors of 737.
11, 67
List the prime factors of 1532.
2, 383
What are the prime factors of 42121?
73, 577
What are the prime factors of 20437?
107, 191
List the prime factors of 3326.
2, 1663
What are the prime factors of 2471?
7, 353
What are the prime factors of 112?
2, 7
List the prime factors of 6950.
2, 5, 139
What are the prime factors of 155?
5, 31
List the prime factors of 33840.
2, 3, 5, 47
What are the prime factors of 27964?
2, 6991
List the prime factors of 65595.
3, 5, 4373
What are the prime factors of 496?
2, 31
List the prime factors of 44495.
5, 11, 809
List the prime factors of 49.
7
What are the prime factors of 17785?
5, 3557
List the prime factors of 5296.
2, 331
What are the prime factors of 184614?
2, 3, 29, 1061
What are the prime factors of 40270?
2, 5, 4027
List the prime factors of 1501.
19, 79
What are the prime factors of 1139?
17, 67
What are the prime factors of 4461?
3, 1487
List the prime factors of 96181.
96181
What are the prime factors of 1495?
5, 13, 23
List the prime factors of 17139.
3, 29, 197
List the prime factors of 508.
2, 127
What are the prime factors of 28925?
5, 13, 89
What are the prime factors of 2777?
2777
List the prime factors of 3226.
2, 1613
What are the prime factors of 10227?
3, 7, 487
List the prime factors of 186.
2, 3, 31
What are the prime factors of 3549?
3, 7, 13
List the prime factors of 79423.
79423
What are the prime factors of 15368?
2, 17, 113
What are the prime factors of 1378?
2, 13, 53
What are the prime factors of 3590?
2, 5, 359
What are the prime factors of 33403?
33403
What are the prime factors of 1892?
2, 11, 43
What are the prime factors of 460?
2, 5, 23
What are the prime factors of 2169?
3, 241
What are the prime factors of 9119?
11, 829
List the prime factors of 75861.
3, 8429
What are the prime factors of 139553?
17, 8209
List the prime factors of 50046.
2, 3, 19, 439
What are the prime factors of 22737?
3, 11, 13, 53
What are the prime factors of 154816?
2, 41, 59
List the prime factors of 2108.
2, 17, 31
List the prime factors of 150.
2, 3, 5
List the prime factors of 145899.
3, 13, 29, 43
What are the prime factors of 1018?
2, 509
List the prime factors of 21954.
2, 3, 3659
List the prime factors of 31391.
31391
List the prime factors of 544.
2, 17
List the prime factors of 1048.
2, 131
List the prime factors of 10623.
3, 3541
List the prime factors of 31285.
5, 6257
What are the prime factors of 4868?
2, 1217
List the prime factors of 385.
5, 7, 11
List the prime factors of 300.
2, 3, 5
List the prime factors of 46339.
149, 311
List the prime factors of 333.
3, 37
What are the prime factors of 1861?
1861
What are the prime factors of 75602?
2, 103, 367
List the prime factors of 5760.
2, 3, 5
List the prime factors of 1801.
1801
What are the prime factors of 22685?
5, 13, 349
What are the prime factors of 1099?
7, 157
What are the prime factors of 2652?
2, 3, 13, 17
What are the prime factors of 76287?
3, 59, 431
List the prime factors of 711.
3, 79
What are the prime factors of 122200?
2, 5, 13, 47
List the prime factors of 33.
3, 11
What are the prime factors of 11063?
13, 23, 37
What are the prime factors of 7366?
2, 29, 127
What are the prime factors of 83138?
2, 11, 3779
List the prime factors of 76120.
2, 5, 11, 173
What are the prime factors of 544?
2, 17
What are the prime factors of 6142?
2, 37, 83
What are the prime factors of 4962?
2, 3, 827
List the prime factors of 28122.
2, 3, 43, 109
What are the prime factors of 4905?
3, 5, 109
List the prime factors of 130.
2, 5, 13
What are the prime factors of 8223?
3, 2741
List the prime factors of 876.
2, 3, 73
What are the prime factors of 47647?
29, 31, 53
What are the prime factors of 450?
2, 3, 5
List the prime factors of 13469.
13469
List the prime factors of 14563.
14563
What are the prime factors of 1543?
1543
What are the prime factors of 18013?
18013
List the prime factors of 16.
2
List the prime factors of 198.
2, 3, 11
List the prime factors of 8311.
8311
What are the prime factors of 3497?
13, 269
What are the prime factors of 3980?
2, 5, 199
List the prime factors of 140.
2, 5, 7
What are the prime factors of 6434?
2, 3217
What are the prime factors of 2091?
3, 17, 41
What are the prime factors of 5271?
3, 7, 251
What are the prime factors of 1648?
2, 103
What are the prime factors of 2479?
37, 67
List the prime factors of 17442.
2, 3, 17, 19
What are the prime factors of 1737?
3, 193
What are the prime factors of 27544?
2, 11, 313
List the prime factors of 60929.
11, 29, 191
List the prime factors of 2607.
3, 11, 79
What are the prime factors of 18861?
3, 6287
What are the prime factors of 6669?
3, 13, 19
What are the prime factors of 115680?
2, 3, 5, 241
List the prime factors of 27181.
7, 11, 353
List the prime factors of 133849.
137, 977
List the prime factors of 8321.
53, 157
What are the prime factors of 981?
3, 109
List the prime factors of 753.
3, 251
What are the prime factors of 4979?
13, 383
List the prime factors of 37112.
2, 4639
List the prime factors of 20879.
20879
List the prime factors of 2371.
2371
List the prime factors of 29673.
3, 7, 157
List the prime factors of 4967.
4967
What are the prime factors of 1699?
1699
What are the prime factors of 45187?
73, 619
What are the prime factors of 9279?
3, 1031
What are the prime factors of 7618?
2, 13, 293
What are the prime factors of 2341?
2341
List the prime factors of 711.
3, 79
What are the prime factors of 381?
3, 127
List the prime factors of 2177.
7, 311
List the prime factors of 16006.
2, 53, 151
List the prime factors of 2624.
2, 41
List the prime factors of 38210.
2, 5, 3821
What are the prime factors of 53046?
2, 3, 7, 421
List the prime factors of 12928.
2, 101
What are the prime factors of 4257?
3, 11, 43
What are the prime factors of 276?
2, 3, 23
What are the prime factors of 334?
2, 167
What are the prime factors of 769?
769
What are the prime factors of 398?
2, 199
What are the prime factors of 900?
2, 3, 5
What are the prime factors of 134912?
2, 17, 31
What are the prime factors of 12183?
3, 31, 131
List the prime factors of 916.
2, 229
List the prime factors of 1541.
23, 67
List the prime factors of 85531.
85531
What are the prime factors of 376?
2, 47
What are the prime factors of 65?
5, 13
What are the prime factors of 72922?
2, 19, 101
List the prime factors of 24427.
13, 1879
List the prime factors of 130.
2, 5, 13
List the prime factors of 8483.
17, 499
List the prime factors of 97914.
2, 3, 16319
List the prime factors of 71784.
2, 3, 997
What are the prime factors of 39064?
2, 19, 257
List the prime factors of 5743.
5743
What are the prime factors of 5638?
2, 2819
What are the prime factors of 53222?
2, 13, 23, 89
What are the prime factors of 101756?
2, 25439
What are the prime factors of 2986?
2, 1493
What are the prime factors of 456?
2, 3, 19
List the prime factors of 23992.
2, 2999
What are the prime factors of 1476?
2, 3, 41
What are the prime factors of 1150?
2, 5, 23
What are the prime factors of 101599?
101599
List the prime factors of 38107.
53, 719
What are the prime factors of 14535?
3, 5, 17, 19
What are the prime factors of 9005?
5, 1801
What are the prime factors of 10830?
2, 3, 5, 19
What are the prime factors of 370?
2, 5, 37
What are the prime factors of 43456?
2, 7, 97
List the prime factors of 39946.
2, 19973
What are the prime factors of 7124?
2, 13, 137
What are the prime factors of 1894?
2, 947
What are the prime factors of 6581?
6581
List the prime factors of 3616.
2, 113
What are the prime fa